y f?
7
Suppose k - 267 = -3*k + 3*z, -357 = -5*k - 4*z. Suppose 19 = 4*f - v, f - 8*v - 1 = -4*v. What is the remainder when k is divided by f?
4
Suppose -28*i = 40*i + 6*i - 5106. Calculate the remainder when 258 is divided by i.
51
Suppose 0*l = -2*l + 10. Suppose 3*s + f = 5*s + 5, -l*s - 3*f + 4 = 0. Let u(p) = 62*p**2 - 3*p - 1. What is the remainder when u(s) is divided by 13?
12
Suppose 0*i - 3*i - 52 = -5*d, 5*d + 5*i = 20. Suppose -5*k + 2*h + 10 = 0, h + 4 = 2*k + 6*h. Let a = k + d. Calculate the remainder when 19 is divided by a.
9
Suppose 5*h - 29 = j, j - 39 = -3*h - 20. What is the remainder when (52/h - 8)*90 is divided by 33?
27
Let b(p) = 97*p + 204. Let t be b(5). Let w = t - 652. Suppose -2*l - 105 = -5*n, 5*n + 3*l = 38 + 42. Calculate the remainder when w is divided by n.
18
Suppose 2*i = 3*k - 32, 4*i - 43 = 7*i - 2*k. Let x(a) = -2*a**2 - 26*a + 13. Calculate the remainder when 50 is divided by x(i).
11
Suppose 0 = -112*i + 104*i + 18224. Calculate the remainder when i is divided by 114.
112
Suppose 32*z = 36*z + 680. Let m = 195 + z. Calculate the remainder when 84 is divided by m.
9
Calculate the remainder when (870/18)/(40/192) is divided by 10.
2
Let v(i) be the third derivative of 7*i**5/60 + 23*i**4/24 - i**3/6 + 109*i**2. Calculate the remainder when v(-4) is divided by 1.
0
Let v = 2961 + -2653. What is the remainder when 950 is divided by v?
26
Let f(r) = -8*r + 43. Let g(v) = -2*v**3 + 2*v**2 + 2*v + 5. Let u be g(0). What is the remainder when 34 is divided by f(u)?
1
Let z(b) be the second derivative of 12*b**2 - 1/6*b**3 - 5/3*b**4 + 0 + 2*b + 1/20*b**5. What is the remainder when 19 is divided by z(20)?
3
Let b(p) = -10*p**2 + 9 - p**2 - p**2 + 7*p**2 - 38*p. Let x = 147 + -60. Calculate the remainder when x is divided by b(-7).
27
Suppose f + 2*n - 16 = 0, 124 = 4*f + n - 5*n. Calculate the remainder when f is divided by (-2)/29 - 22770/(-1334).
9
Let j(k) = 2*k**2 + 40*k + 60. Let t be j(-19). What is the remainder when 47 is divided by (-318)/53 + t + 1?
13
Suppose 6*g + 85 = -5*n + 7*g, -15 = 3*g. What is the remainder when (-3110)/n + (-2 - 20/(-9)) is divided by 22?
19
Suppose -m + 1690 - 1630 = 0. Suppose 3*j = 8*j. Calculate the remainder when m is divided by (-31 - j)/(-2 + 1).
29
Suppose 26*w - 19 - 33 = 0. Suppose -3*s + 2 = -5*s, 4*s = -w*r + 50. Let h = -20 + 72. Calculate the remainder when h is divided by r.
25
Suppose 4*h = -r + 733, 0 = -3*h + 4*r + 369 + 157. Calculate the remainder when 396 is divided by h.
32
Let b(v) = 34*v - 68. Let k be b(4). Suppose 5 = -7*g + k. Suppose -165 = -5*y + 4*q, -2*y = y + 5*q - 99. Calculate the remainder when y is divided by g.
6
Let u(f) = -f**3 + 4*f**2 + 16*f - 24. Let i be u(6). Suppose -72*n + 4150 + 10322 = i. What is the remainder when n is divided by 23?
17
Let v(x) = -5*x**2 + 84*x + 39. Calculate the remainder when 117 is divided by v(17).
7
Let r(c) = 156*c**2 + c. Let h be r(-1). Let x = h - 138. What is the remainder when x is divided by 15?
2
Let p(y) = 14*y + 8. Suppose -j - 4*b + 72 = 21, -232 = -5*j + 3*b. Calculate the remainder when p(6) is divided by j.
45
Calculate the remainder when 640 + 20 + (-160)/(-10) is divided by 207.
55
Calculate the remainder when (-39152)/24*((-54)/(-12) - 6) is divided by 10.
7
Suppose -2*f + 27 + 35 = 0. Let k = -46 + 49. Suppose -4*r + 2*s + 76 = 5*s, -4 = -r + k*s. What is the remainder when f is divided by r?
15
Let t be (-47 - 1)*2/(-3). Suppose 0 = -4*g + t + 36. What is the remainder when (-347553)/(-4599) - (-114)/21 is divided by g?
13
Let a = 24 + 14. Suppose -2*k + 2*n = -k - 5, -n = 4. Calculate the remainder when (-755)/(-5) - 1*k/(-1) is divided by a.
34
Let k(t) = 3*t**2 + t + 0*t + 18 - 8 - 3*t. Let y(u) = 7*u**2 + 2*u - 1. Calculate the remainder when k(-3) is divided by y(-2).
20
Let j = 8615 + -8585. What is the remainder when 5458 is divided by j?
28
Suppose -5*s = 2*y - 33, -3*y = 3*s - 31 - 14. Let p = 333 + -328. Suppose 212 = 2*z + p*q - 300, 2*z - 498 = 2*q. What is the remainder when z is divided by y?
13
Suppose 4*g = 2*g + t + 3, -5*g - 2*t + 3 = 0. What is the remainder when (g/(3/(-27)))/(1/(-12)) is divided by 25?
8
Let o(v) = -192*v + 4681. What is the remainder when 172 is divided by o(24)?
26
Let p = 449 - 425. Suppose -23*a = -91 - p. Suppose -f + 165 = 4*f. What is the remainder when f is divided by a?
3
What is the remainder when (8692/(-246))/(2/(-9)) is divided by 3?
0
Suppose -13*k + 2059 = 408. Calculate the remainder when k is divided by ((-4)/(-6))/(3 + (-3275)/1095).
54
Let a = -12671 - -12677. Calculate the remainder when 856 is divided by a.
4
Let a = -3 + 9. Let x(w) = w**3 - 2*w**2 - 6*w + 8. Suppose 0 = -5*l - 4*r + 40, 5*r = 2*l - 0*r + 17. Calculate the remainder when x(l) is divided by a.
4
Let f be 10 + 10*((-9)/6)/3. Suppose -5*m = -f*l - 1535, -3*m - 5*l + l = -907. Calculate the remainder when m is divided by 28.
25
Let r(s) = -s**2 + 5*s. Let t be r(6). Let p be (0 + t/(-3))*1. Suppose 0 = 4*j - p*j - 52. Calculate the remainder when 102 is divided by j.
24
Let x be (-1)/(-5) + (-28314)/195. Calculate the remainder when (8903/x)/(1/(-5)) is divided by 62.
59
Suppose -436*u + 651*u = 183180. Calculate the remainder when u is divided by 201.
48
Calculate the remainder when 911 is divided by -5*(-260)/50 + ((-16)/(-2) - 2).
15
Suppose -12 = -5*c + 18. Let p be 2/(-8) - (-16905)/84. Let a = p + -180. What is the remainder when a is divided by c?
3
Let k be (-328)/(-5)*(51 + -56). Let q = 360 + k. Let w(t) = -21*t - 1. Calculate the remainder when q is divided by w(-1).
12
Suppose 3427 = 176*l + 251*l - 18777. What is the remainder when l is divided by 0/1 + -2 + 25?
6
Let d(a) = 13*a**2 + 69*a + 652. What is the remainder when d(24) is divided by 6?
4
Let h(v) = -v**3 - v**2 - 107. Let x be h(0). Let b = -64 - x. Let t = -222 - -234. What is the remainder when b is divided by t?
7
Suppose 2*l - 2*x - 4 = -0*l, 0 = l + 5*x - 8. Let w(k) = k**2 + 13*k - 42. What is the remainder when 22 is divided by w(l)?
4
Suppose 19 = 2*x + 9. Suppose -2*y + 599 = -0*y + x*z, 4*z = 5*y - 1514. Let c = y + -202. Calculate the remainder when c is divided by 26.
22
Let v(y) = -5*y + 1 + 0 + 4*y + 13*y**2. Let g = 1555 - 1551. Calculate the remainder when v(1) is divided by g.
1
Suppose -31 + 4 = -z. Let m(k) = k**2 - 22*k - 65. What is the remainder when m(z) is divided by 20?
10
Let y be -4*-6*(-5)/(-20). Suppose -v + u = -29, y*u - 8*u = 0. What is the remainder when 81 is divided by v?
23
Let b = 6983 - 6894. What is the remainder when 514 is divided by b?
69
Suppose 2*h - 4*h + 122 = 0. Let a = 3042 - 3002. Calculate the remainder when h is divided by a.
21
Suppose -22*o - 9*o + 806 = 0. Calculate the remainder when 98 is divided by o.
20
Let k be (320/112)/(1/217). Suppose k = 4*t + 3*v, v = -15 + 19. Calculate the remainder when t is divided by 11.
9
Let i(a) = 2*a - 36. Let n be i(11). Let p(l) = l**3 + 15*l**2 + 10*l - 32. Calculate the remainder when 285 is divided by p(n).
21
Suppose 5*z + 16 - 39 + 13 = 0. What is the remainder when 30 is divided by z?
0
Let a be 5 + (-536)/(-104) - 2/13. Let d(c) = 4*c + 59. What is the remainder when d(a) is divided by 10?
9
Suppose 0 = 2*f - 3*y - 1339, 5*f + 386 - 3646 = -5*y. What is the remainder when f is divided by 165?
164
Let h be 4/3*(1411 - 43). Suppose -7*k - h = -1971. Suppose -41 = -5*o + 164. What is the remainder when o is divided by k?
20
What is the remainder when 974 is divided by (-6)/(-56) + (-41)/164 - (-592)/28?
8
Suppose 139 - 82 = c + 2*m, 0 = -c - m + 60. What is the remainder when 229 is divided by c?
40
Let w = -12 + 26. Let b be 52/14 + 152/(-56) + 3. Suppose 5*n - 2*t = 35, -7*t + 2*t - 45 = -b*n. Calculate the remainder when w is divided by n.
4
Suppose -9842*a = -9880*a + 1368. What is the remainder when 10904 is divided by a?
32
Let z be (3/(-1))/(-10*33/(-440)). What is the remainder when (-7)/(14/z) - -640 is divided by 15?
12
Suppose 2*j - 849 = 1263. Suppose 7*x - j = -9*x. Calculate the remainder when 126 is divided by x.
60
Let v = 233 - 69. What is the remainder when (20/(-8))/(-5)*v is divided by ((-16)/2)/(-2 + 8/6)?
10
Suppose 125 = r - 2*m, -5*r + 551 - 10 = 4*m. What is the re